{"id":11,"date":"2017-01-16T13:15:29","date_gmt":"2017-01-16T12:15:29","guid":{"rendered":"https:\/\/www.charlieontour.de\/?page_id=11"},"modified":"2018-06-11T12:33:03","modified_gmt":"2018-06-11T10:33:03","slug":"ueber-mich","status":"publish","type":"page","link":"https:\/\/www.charlieontour.de\/?page_id=11","title":{"rendered":"\u00dcber uns"},"content":{"rendered":"<h6>Nicole<\/h6>\n<p>Huhu,<br \/>\nich bin Nicole und komme urspr\u00fcnglich\u00a0aus der Lessingstadt Kamenz im sch\u00f6nen Sachsen!<br \/>\nFr\u00fcher liebte ich Club-Urlaube und habe mir liebend gerne den Hintern hinter her tragen\u00a0 lassen.<br \/>\nSeitdem ich mit Christian zum ersten mal als Overlander in Marokko unterwegs war, hat sich das komplett ge\u00e4ndert.<br \/>\nMeine Bekannten, fragten damals alle ungl\u00e4ubig &#8222;Marokko? Mit dem Gel\u00e4ndewagen? Du?&#8220;. Ich war mir damals selbst nicht ganz sicher und wurde allerdings total positiv \u00fcberrascht.<br \/>\nAm meisten sch\u00e4tze ich die M\u00f6glichkeit einfach das zu sehen, was ich m\u00f6chte.<br \/>\n\u00dcbernachten in der W\u00fcste oder Strand, bei schlechtem Wetter einfach etwas weiterziehen sind genau mein Ding!<\/p>\n<h6>Christian<\/h6>\n<p>Hallo,<br \/>\nmein Name ist Christian, manchmal auch Chris.<br \/>\nIch bin geboren im Jahr 1984 und lebe seitdem im sch\u00f6nen Rheingau-Taunus-Kreis im waldigen Mittelpunkt Deutschlands.<br \/>\nIch reise mittlerweile seit rund 10 Jahren individuell durch die Welt. Angefangen habe ich zu Fu\u00df mit Rucksack und Zelt. Weiter ging es mit dem Gel\u00e4ndemotorrad und einigen Gel\u00e4ndewagen. Aktuell sind wir mit dem LKW unterwegs und genie\u00dfen es einfach nur.<br \/>\nMassentourismus ist nichts f\u00fcr mich. Ich liebe Authentizit\u00e4t und m\u00f6chte noch viel von der Welt sehen!<\/p>\n<h6>Balou<\/h6>\n<h6><img loading=\"lazy\" decoding=\"async\" class=\"alignnone size-full wp-image-888\" src=\"https:\/\/www.charlieontour.de\/wp-content\/uploads\/2017\/11\/PA291574.jpg\" alt=\"\" width=\"1024\" height=\"768\" \/><\/h6>\n<p>Wuff, Wuff,<br \/>\nBalou ist mein Name. eigentlich Ibn Ghalib Balou Adia van Meerwoog, aber das ist den meisten zu lang. Ausserdem k\u00f6nnen mich Herrchen und Frauchen, so nicht schnell genug ansprechen, wenn ich wieder mal Unsinn im Kopf habe.<br \/>\nIch lebe seit Dezember 2016 in meinem neuen Rudel und f\u00fchle mich pudel-wohl. Mit Pudeln habe ich allerdings nichts zu tun, ich bin ein gro\u00dfer starker\u00a0L\u00f6wenj\u00e4ger vom Volk der Rhodesian Ridgebacks.<br \/>\nWenn ich nicht gerade die Welt entdecke oder auf mein Rudel aufpassen muss, schlafe ich gern oder kaue auf meinen Ochsenziemern herum.<br \/>\nMachts gut und denkt dran, ich liebe Knochen! Wuff Wuff!<\/p>\n","protected":false},"excerpt":{"rendered":"<p>Nicole Huhu, ich bin Nicole und komme urspr\u00fcnglich\u00a0aus der Lessingstadt Kamenz im sch\u00f6nen Sachsen! Fr\u00fcher liebte ich Club-Urlaube und habe mir liebend gerne den Hintern hinter her tragen\u00a0 lassen. Seitdem ich mit Christian zum ersten mal als Overlander in Marokko unterwegs war, hat sich das komplett ge\u00e4ndert. Meine Bekannten, fragten damals alle ungl\u00e4ubig &#8222;Marokko? Mit &hellip; <\/p>\n<p class=\"link-more\"><a href=\"https:\/\/www.charlieontour.de\/?page_id=11\" class=\"more-link\"><span class=\"screen-reader-text\">\u201e\u00dcber uns\u201c <\/span>weiterlesen<\/a><\/p>\n","protected":false},"author":1,"featured_media":42,"parent":0,"menu_order":0,"comment_status":"closed","ping_status":"closed","template":"","meta":{"footnotes":""},"class_list":["post-11","page","type-page","status-publish","has-post-thumbnail","hentry"],"_links":{"self":[{"href":"https:\/\/www.charlieontour.de\/index.php?rest_route=\/wp\/v2\/pages\/11","targetHints":{"allow":["GET"]}}],"collection":[{"href":"https:\/\/www.charlieontour.de\/index.php?rest_route=\/wp\/v2\/pages"}],"about":[{"href":"https:\/\/www.charlieontour.de\/index.php?rest_route=\/wp\/v2\/types\/page"}],"author":[{"embeddable":true,"href":"https:\/\/www.charlieontour.de\/index.php?rest_route=\/wp\/v2\/users\/1"}],"replies":[{"embeddable":true,"href":"https:\/\/www.charlieontour.de\/index.php?rest_route=%2Fwp%2Fv2%2Fcomments&post=11"}],"version-history":[{"count":8,"href":"https:\/\/www.charlieontour.de\/index.php?rest_route=\/wp\/v2\/pages\/11\/revisions"}],"predecessor-version":[{"id":906,"href":"https:\/\/www.charlieontour.de\/index.php?rest_route=\/wp\/v2\/pages\/11\/revisions\/906"}],"wp:featuredmedia":[{"embeddable":true,"href":"https:\/\/www.charlieontour.de\/index.php?rest_route=\/wp\/v2\/media\/42"}],"wp:attachment":[{"href":"https:\/\/www.charlieontour.de\/index.php?rest_route=%2Fwp%2Fv2%2Fmedia&parent=11"}],"curies":[{"name":"wp","href":"https:\/\/api.w.org\/{rel}","templated":true}]}}